is 15 - 1484?
-146b
In base 5, what is 32 - 10241443?
-10241411
In base 8, what is -216533 + 25?
-216506
In base 11, what is -68 - 71a?
-787
In base 15, what is 299038 - 0?
299038
In base 9, what is -4301 - 10?
-4311
In base 3, what is 110010002 + 1020?
110011022
In base 15, what is -930 - -6?
-929
In base 3, what is -12000100 - -21222?
-11201101
In base 11, what is -260159 + -4?
-260162
In base 4, what is -11 - -112323002?
112322331
In base 2, what is 11100100000110010 + -1000?
11100100000101010
In base 14, what is d23a + -2?
d238
In base 5, what is -21132 - -12?
-21120
In base 13, what is -2ca261 + 0?
-2ca261
In base 5, what is 3 - -11203113?
11203121
In base 2, what is 11010 + -1011011011100?
-1011011000010
In base 6, what is 5 - 2140314?
-2140305
In base 13, what is 1 - -178424?
178425
In base 15, what is -3 - dcc8?
-dccb
In base 12, what is 13953 - -5?
13958
In base 15, what is 155176 - -1?
155177
In base 16, what is 11c - 126?
-a
In base 6, what is -1424402 + -1?
-1424403
In base 5, what is 10213 - -42210?
102423
In base 16, what is -8be0d - 3?
-8be10
In base 11, what is -23690 + -9?
-23699
In base 8, what is -3 + -6304?
-6307
In base 7, what is -166 - -334?
135
In base 10, what is -150 - -7465?
7315
In base 4, what is -123103311 + -2?
-123103313
In base 7, what is 5121 - -5?
5126
In base 10, what is -35 + -717?
-752
In base 11, what is 3 + -34149?
-34146
In base 4, what is 10 + 11223302?
11223312
In base 5, what is -11 + -22400440?
-22401001
In base 13, what is -a9ab4 - -2?
-a9ab2
In base 11, what is -2077 - 284?
-2350
In base 10, what is 2571 + 39?
2610
In base 6, what is 310 + 134534?
135244
In base 4, what is 32001 + -12311?
13030
In base 16, what is -1be9 - 35?
-1c1e
In base 14, what is -1 - 88?
-89
In base 3, what is 212210012112 - 11?
212210012101
In base 9, what is 2206 - 266?
1830
In base 5, what is -23322 - -142?
-23130
In base 7, what is 63511 - 4?
63504
In base 6, what is -234 + -1145?
-1423
In base 9, what is 4387632 + -5?
4387626
In base 6, what is -25513000 - 1?
-25513001
In base 7, what is 226 - 116?
110
In base 14, what is 9dc7 - -5?
9dcc
In base 3, what is 10200210 - 112?
10200021
In base 13, what is c5a - 55?
c05
In base 15, what is -2 - 1de6e?
-1de71
In base 3, what is 2 + 10111211111?
10111211120
In base 7, what is 543200 + -1?
543166
In base 12, what is 14 - -693a9?
69401
In base 16, what is -8 + 4772?
476a
In base 8, what is -557 - -112?
-445
In base 7, what is 1061 - 20?
1041
In base 10, what is -23922 + -4?
-23926
In base 11, what is -2483 + aa?
-2384
In base 8, what is -551503 + -3?
-551506
In base 14, what is 4 - -825a7?
825ab
In base 11, what is 13244 + 5?
13249
In base 3, what is -20102100112 + -211?
-20102101100
In base 4, what is -20 - -323?
303
In base 5, what is 110004441 + 3?
110004444
In base 4, what is -233120011 + 11?
-233120000
In base 7, what is 140316 + -21?
140265
In base 14, what is -77b2 - -1?
-77b1
In base 9, what is 4 - -631802?
631806
In base 10, what is -1 - 42422?
-42423
In base 7, what is -113530 - 0?
-113530
In base 11, what is 4 + 618279?
618282
In base 12, what is -390a2 - -11?
-39091
In base 4, what is -323333 - 1233?
-331232
In base 13, what is -7 + -191869?
-191873
In base 15, what is 1b - -131cb?
131e7
In base 12, what is -3998b + 0?
-3998b
In base 8, what is 54534 - 11?
54523
In base 15, what is 0 + -147a?
-147a
In base 6, what is 42235250 - 3?
42235243
In base 11, what is 30 + 750?
780
In base 16, what is -1064aa + 0?
-1064aa
In base 10, what is 117 + 2948?
3065
In base 4, what is 1223330 + -3?
1223321
In base 7, what is -45166 - -64?
-45102
In base 16, what is 19b79 + 1?
19b7a
In base 2, what is 0 - 11011011111011001?
-11011011111011001
In base 15, what is -1696 - 2b7?
-195d
In base 13, what is -aac - 26?
-b05
In base 10, what is -2 + -11195?
-11197
In base 6, what is -120 + -534?
-1054
In base 12, what is -205 + -41?
-246
In base 10, what is -8229 + 46?
-8183
In base 3, what is -200122 - 1111020?
-2011212
In base 4, what is -202 - 1320023?
-1320231
In base 8, what is 776 + 71?
1067
In base 9, what is -18647 + -3?
-18651
In base 3, what is -211212 + 1202121?
220202
In base 10, what is -4 + -17679?
-17683
In base 10, what is 13740 + -3?
13737
In base 12, what is -262 - -131?
-131
In base 5, what is -132140 + 31?
-132104
In base 8, what is -325164 - -5?
-325157
In base 2, what is -10 + -10011010111101?
-10011010111111
In base 8, what is 250521 + 1?
250522
In base 13, what is 15b90 + -2?
15b8b
In base 14, what is -3a1cd + -5?
-3a1d4
In base 14, what is -dd6d - -3?
-dd6a
In base 12, what is 212a - -41?
216b
In base 6, what is 243 + -210144?
-205501
In base 4, what is -3 + 1212013?
1212010
In base 15, what is -2cab9 + c?
-2caac
In base 13, what is 1b9b44 + 0?
1b9b44
In base 15, what is -1dc7d + 4?
-1dc79
In base 4, what is 10 + 20103223?
20103233
In base 2, what is 1110001111001111 - -100?
1110001111010011
In base 8, what is 5 - 75447?
-75442
In base 12, what is -65 - -110?
67
In base 16, what is f5 - -d57?
e4c
In base 6, what is 3 + 334354?
334401
In base 5, what is 2320020312 - -10?
2320020322
In base 14, what is 240 + -1177?
-d37
In base 6, what is 4304 - -102?
4410
In base 2, what is -100010001111111101 + -101?
-100010010000000010
In base 15, what is -189c - 19?
-18b6
In base 10, what is 42278 + 5?
42283
In base 11, what is -80372 - 3?
-80375
In base 2, what is 101 + -10011000110110?
-10011000110001
In base 15, what is 201 + -173?
7d
In base 15, what is 40a + -40?
3ba
In base 4, what is 1031 - -213300?
220331
In base 6, what is -5224210 + 2?
-5224204
In base 2, what is -10 - -11001110111100?
11001110111010
In base 10, what is 23104 - -1?
23105
In base 11, what is -21870 + 3?
-21868
In base 4, what is -2120030100 - -1?
-2120030033
In base 9, what is -850375 + 2?
-850373
In base 6, what is 331 + 131201?
131532
In base 9, what is 177277 + -4?
177273
In base 8, what is -32 + -1146?
-1200
In base 10, what is -7 + -2966?
-2973
In base 7, what is -22 - -53141?
53116
In base 12, what is -2a64 + 0?
-2a64
In base 5, what is 201012 + -424?
200033
In base 7, what is 126 - -31546?
32005
In base 8, what is -3463 - -405?
-3056
In base 9, what is -265 + -4100?
-4365
In base 12, what is -264503 + -6?
-264509
In base 8, what is -15246 + -2?
-15250
In base 10, what is 1110 - -48?
1158
In base 4, what is -2131003 - 2?
-2131011
In base 9, what is -2150 + 417?
-1632
In base 8, what is 6271025 - -3?
6271030
In base 12, what is 7 - -28965?
28970
In base 10, what is -2 + 107084?
107082
In base 16, what is 5 - 19c3?
-19be
In base 9, what is -116 - 180?
-306
In base 7, what is 353 - -1254?
1640
In base 2, what is 110100001101111 - 110?
110100001101001
In base 6, what is 1 + -33133?
-33132
In base 15, what is -e8d - 66?
-1004
In base 7, what is 11061 + -4?
11054
In base 8, what is 22007 + 2?
22011
In base 8, what is -6 - 232677?
-232705
In base 13, what is 105 + -bc?
16
In base 6, what is -15 - -35250?
35231
In base 3, what is 11 - 21101012?
-21101001
In base 5, what is 100331 + 104?
100440
In base 10, what is -99 + 2?
-97
In base 2, what is 101111100011010 + -11?
101111100010111
In base 3, what is 102221 + -20?
102201
In base 6, what is -3 - -245101?
245054
In base 5, what is 141142111 + -10?
141142101
In base 9, what is 2 - -58386?
58388
In base 12, what is -287b26 + 2?
-287b24
In base 8, what is 36 - 7633?
-7575
In base 3, what is -1 - -101121211?
101121210
In base 11, what is -4 + 59464?
59460
In base 10, what is -17 + 3140?
3123
In base 5, what is -4 + 10213403?
10213344
In base 16, what is d + -978?
-96b
In base 6, what is -102513100 - 4?
-102513104
In base 13, what is 6 + -48553?
-4854a
In base 10, what is 3 - -117453?
117456
In base 8, what is -10252554 - 2?
-10252556
In base 3, what is -1000202 - 1021?
-1002000
In base 6, what is 51310 + 250?
52000
In base 3, what is -1120020 - 121?
-1120211
In base 13, what is aa + 93?
170
In base 3, what is -2 + 101022022?
101022020
In base 9, what is -583 - 7?
-601
In base 2, what is -101111001100010000 + 100?
-101111001100001100
In base 12, what is -b6 + -8?
-102
In base 8, what is -471 + -502?
-1173
In base 6, what is -2245 - 144?
-2433
In base 7, what is 16361116 + -4?
16361112
In base 14, what is -6 + -6488?
-6490
In base 7, what is -160232 - 15?
-160250